{"id":37,"date":"2013-06-05T20:54:18","date_gmt":"2013-06-05T19:54:18","guid":{"rendered":"http:\/\/cluster015.ovh.net\/~tarja\/web\/?page_id=37"},"modified":"2020-02-22T00:15:11","modified_gmt":"2020-02-21T23:15:11","slug":"contacts","status":"publish","type":"page","link":"http:\/\/www.tarja.fr\/web\/contacts\/","title":{"rendered":"CONTACTS"},"content":{"rendered":"<p style=\"text-align: justify;\">Tarja.fr est un site non lucratif. Il a \u00e9t\u00e9 r\u00e9alis\u00e9 afin de faire conna\u00eetre au mieux Tarja Turunen en France, de la promouvoir et de satisfaire la passion de chaque fan. Tout son contenu est accessible \u00e0 tous.<\/p>\n<p>Pour tout contact, merci d&rsquo;adresser un mail \u00e0 :<\/p>\n<p><img loading=\"lazy\" decoding=\"async\" class=\"alignnone  wp-image-569\" src=\"http:\/\/www.tarja.fr\/web\/wp-content\/uploads\/2016\/04\/mailto.png\" alt=\"mailto\" width=\"126\" height=\"37\" \/><\/p>\n<p style=\"text-align: justify;\"><strong>Copyrights :<\/strong><br \/>\nTous les textes fran\u00e7ais \u00e9crits sur ce site sont la propri\u00e9t\u00e9 de leurs auteurs respectifs et ne peuvent \u00eatre r\u00e9utilis\u00e9es sans autorisation. \u00a9 2013-2020 Tarja.fr<\/p>\n<p style=\"text-align: justify;\">Toutes les photos de Tarja Turunen pr\u00e9sentes sur ce site sont la propri\u00e9t\u00e9 de leurs auteurs respectifs. Les photos promos et les photos de la galerie sont des photos officielles de l&rsquo;artiste servant \u00e0 assurer leur promotion.<\/p>\n<p style=\"text-align: justify;\">Les photos montages (page d&rsquo;intro, en-t\u00eate du site et divers montages) ont \u00e9t\u00e9 cr\u00e9\u00e9es exclusivement pour ce site et sont la propri\u00e9t\u00e9 de Tarja.fr.\u00a0 Elles ne peuvent \u00eatre r\u00e9utilis\u00e9es sans autorisation pr\u00e9alable.<\/p>\n<p style=\"text-align: justify;\"><strong>Auteur :<\/strong><br \/>\nCe site a \u00e9t\u00e9 int\u00e9gralement r\u00e9alis\u00e9 par Nicolas Peyrat et est <em>fi\u00e8rement propuls\u00e9<\/em> par WordPress !<\/p>\n","protected":false},"excerpt":{"rendered":"<p>Tarja.fr est un site non lucratif. Il a \u00e9t\u00e9 r\u00e9alis\u00e9 afin de faire conna\u00eetre au mieux Tarja Turunen en France, de la promouvoir et de satisfaire la passion de chaque fan. Tout son contenu est accessible \u00e0 tous. Pour tout contact, merci d&rsquo;adresser un mail \u00e0 : Copyrights : Tous les textes fran\u00e7ais \u00e9crits sur [&hellip;]<\/p>\n","protected":false},"author":1,"featured_media":0,"parent":0,"menu_order":9,"comment_status":"closed","ping_status":"closed","template":"","meta":{"footnotes":""},"class_list":["post-37","page","type-page","status-publish","hentry"],"_links":{"self":[{"href":"http:\/\/www.tarja.fr\/web\/wp-json\/wp\/v2\/pages\/37","targetHints":{"allow":["GET"]}}],"collection":[{"href":"http:\/\/www.tarja.fr\/web\/wp-json\/wp\/v2\/pages"}],"about":[{"href":"http:\/\/www.tarja.fr\/web\/wp-json\/wp\/v2\/types\/page"}],"author":[{"embeddable":true,"href":"http:\/\/www.tarja.fr\/web\/wp-json\/wp\/v2\/users\/1"}],"replies":[{"embeddable":true,"href":"http:\/\/www.tarja.fr\/web\/wp-json\/wp\/v2\/comments?post=37"}],"version-history":[{"count":11,"href":"http:\/\/www.tarja.fr\/web\/wp-json\/wp\/v2\/pages\/37\/revisions"}],"predecessor-version":[{"id":726,"href":"http:\/\/www.tarja.fr\/web\/wp-json\/wp\/v2\/pages\/37\/revisions\/726"}],"wp:attachment":[{"href":"http:\/\/www.tarja.fr\/web\/wp-json\/wp\/v2\/media?parent=37"}],"curies":[{"name":"wp","href":"https:\/\/api.w.org\/{rel}","templated":true}]}}