{"id":522,"date":"2016-04-22T13:40:27","date_gmt":"2016-04-22T12:40:27","guid":{"rendered":"http:\/\/www.tarja.fr\/web\/?page_id=522"},"modified":"2016-04-23T11:41:43","modified_gmt":"2016-04-23T10:41:43","slug":"2014-left-in-the-dark","status":"publish","type":"page","link":"http:\/\/www.tarja.fr\/web\/2014-left-in-the-dark\/","title":{"rendered":"2014 : Left In The Dark"},"content":{"rendered":"<p><img loading=\"lazy\" decoding=\"async\" class=\"size-full wp-image-288 aligncenter\" src=\"http:\/\/www.tarja.fr\/web\/wp-content\/uploads\/2016\/04\/LeftInTheDark-300.jpg\" alt=\"300-untilmy\" width=\"300\" height=\"300\" \/><\/p>\n<p><strong><span style=\"color: #ff99cc;\">Date de sortie :<\/span> <\/strong>04 Juillet 2014<br \/>\n<span style=\"color: #ff99cc;\"><strong>Label : <\/strong><\/span>Ear Music<\/p>\n<p><span style=\"color: #ff99cc;\"><strong>Track listing :<\/strong><\/span><br \/>\n01. Victim Of Ritual\u00a0<em>(First Demo)<\/em><br \/>\n02. 500 Letters<em> (Live At Vorterix Radio)<\/em><br \/>\n03. Lucid Dreamer<em> (Demo)<\/em><br \/>\n04. Never Enough<em> (Demo Progression)<br \/>\n<\/em>05. Mystique Voyage<em> (Demo)<\/em><br \/>\n06. Into The Sun<em> (Studio Version)<\/em><br \/>\n07. Deliverance<em> (Instrumental)<\/em><br \/>\n08. Neverlight<em> (Full Orchestra Version)<\/em><br \/>\n09. Until Silence<em> (Live At Vorterix Radio)<\/em><br \/>\n10. Medusa<em> (Tarja&rsquo;s Solo Version)<\/em><\/p>\n<p style=\"text-align: justify;\"><span style=\"color: #ff99cc;\"><strong>Remarque :\u00a0<\/strong><\/span><br \/>\nCet EP est sorti quelques mois apr\u00e8s l&rsquo;album \u00ab\u00a0Colors In The Dark\u00a0\u00bb. Il contient diff\u00e9rentes versions des morceaux de l&rsquo;album, dont des versions d\u00e9mo, ainsi qu&rsquo;une version studio in\u00e9dite du morceau \u00ab\u00a0Into The Sun\u00a0\u00bb, jusqu&rsquo;\u00e0 alors disponible uniquement en version live. Fait assez in\u00e9dit : la pochette a \u00e9t\u00e9 r\u00e9alis\u00e9e par un fan, choisi parmi de tr\u00e8s nombreuses cr\u00e9ations envoy\u00e9es par des fans dans le cadre d&rsquo;un concours.<\/p>\n","protected":false},"excerpt":{"rendered":"<p>Date de sortie : 04 Juillet 2014 Label : Ear Music Track listing : 01. Victim Of Ritual\u00a0(First Demo) 02. 500 Letters (Live At Vorterix Radio) 03. Lucid Dreamer (Demo) 04. Never Enough (Demo Progression) 05. Mystique Voyage (Demo) 06. Into The Sun (Studio Version) 07. Deliverance (Instrumental) 08. Neverlight (Full Orchestra Version) 09. Until [&hellip;]<\/p>\n","protected":false},"author":1,"featured_media":0,"parent":0,"menu_order":0,"comment_status":"closed","ping_status":"closed","template":"","meta":{"footnotes":""},"class_list":["post-522","page","type-page","status-publish","hentry"],"_links":{"self":[{"href":"http:\/\/www.tarja.fr\/web\/wp-json\/wp\/v2\/pages\/522","targetHints":{"allow":["GET"]}}],"collection":[{"href":"http:\/\/www.tarja.fr\/web\/wp-json\/wp\/v2\/pages"}],"about":[{"href":"http:\/\/www.tarja.fr\/web\/wp-json\/wp\/v2\/types\/page"}],"author":[{"embeddable":true,"href":"http:\/\/www.tarja.fr\/web\/wp-json\/wp\/v2\/users\/1"}],"replies":[{"embeddable":true,"href":"http:\/\/www.tarja.fr\/web\/wp-json\/wp\/v2\/comments?post=522"}],"version-history":[{"count":2,"href":"http:\/\/www.tarja.fr\/web\/wp-json\/wp\/v2\/pages\/522\/revisions"}],"predecessor-version":[{"id":581,"href":"http:\/\/www.tarja.fr\/web\/wp-json\/wp\/v2\/pages\/522\/revisions\/581"}],"wp:attachment":[{"href":"http:\/\/www.tarja.fr\/web\/wp-json\/wp\/v2\/media?parent=522"}],"curies":[{"name":"wp","href":"https:\/\/api.w.org\/{rel}","templated":true}]}}