{"id":526,"date":"2016-04-22T13:45:46","date_gmt":"2016-04-22T12:45:46","guid":{"rendered":"http:\/\/www.tarja.fr\/web\/?page_id=526"},"modified":"2016-04-23T11:42:05","modified_gmt":"2016-04-23T10:42:05","slug":"2016-the-brightest-void","status":"publish","type":"page","link":"http:\/\/www.tarja.fr\/web\/2016-the-brightest-void\/","title":{"rendered":"2016 : The Brightest Void"},"content":{"rendered":"<p><img loading=\"lazy\" decoding=\"async\" class=\"size-full wp-image-288 aligncenter\" src=\"http:\/\/www.tarja.fr\/web\/wp-content\/uploads\/2016\/04\/TheBrightestVoid-300.jpg\" alt=\"300-untilmy\" width=\"300\" height=\"300\" \/><\/p>\n<p><strong><span style=\"color: #ff99cc;\">Date de sortie :<\/span> <\/strong>03 Juin 2016<br \/>\n<span style=\"color: #ff99cc;\"><strong>Label : <\/strong><\/span>Ear Music<\/p>\n<p><span style=\"color: #ff99cc;\"><strong>Track listing :<\/strong><\/span><br \/>\n01.\u00a0No Bitter End<em> (Video Clip Version)<\/em><br \/>\n02. Your Heaven And Your Hell <em>(Feat. Michael Monroe)<\/em><br \/>\n03. Eagle Eye<em> (Feat. Chad Smith)<\/em><br \/>\n04. An Empty Dream<br \/>\n05. Witch Hunt<br \/>\n06. Shameless<br \/>\n07. House Of Wax <em>(Paul Mc Cartney cover)<\/em><br \/>\n08. Goldfinger <em>(Shirley Bassey cover)<\/em><br \/>\n09. Paradise (What About Us)<em> (Feat. Within Temptation)<\/em><\/p>\n<p style=\"text-align: justify;\"><span style=\"color: #ff99cc;\"><strong>Remarque :\u00a0<\/strong><\/span><br \/>\nCet EP est sorti\u00a0deux mois avant le quatri\u00e8me album de Tarja, \u00ab\u00a0The Shadow Self\u00a0\u00bb : il contient des morceaux\u00a0tir\u00e9s des sessions d&rsquo;enregistrement de cet album, mais n&rsquo;ayant pas trouv\u00e9 de place dans un album d\u00e9j\u00e0 bien rempli. Cet EP est annonc\u00e9 comme un \u00ab\u00a0Prequel\u00a0\u00bb \u00e0 l&rsquo;album.<\/p>\n","protected":false},"excerpt":{"rendered":"<p>Date de sortie : 03 Juin 2016 Label : Ear Music Track listing : 01.\u00a0No Bitter End (Video Clip Version) 02. Your Heaven And Your Hell (Feat. Michael Monroe) 03. Eagle Eye (Feat. Chad Smith) 04. An Empty Dream 05. Witch Hunt 06. Shameless 07. House Of Wax (Paul Mc Cartney cover) 08. Goldfinger (Shirley [&hellip;]<\/p>\n","protected":false},"author":1,"featured_media":0,"parent":0,"menu_order":0,"comment_status":"closed","ping_status":"closed","template":"","meta":{"footnotes":""},"class_list":["post-526","page","type-page","status-publish","hentry"],"_links":{"self":[{"href":"http:\/\/www.tarja.fr\/web\/wp-json\/wp\/v2\/pages\/526","targetHints":{"allow":["GET"]}}],"collection":[{"href":"http:\/\/www.tarja.fr\/web\/wp-json\/wp\/v2\/pages"}],"about":[{"href":"http:\/\/www.tarja.fr\/web\/wp-json\/wp\/v2\/types\/page"}],"author":[{"embeddable":true,"href":"http:\/\/www.tarja.fr\/web\/wp-json\/wp\/v2\/users\/1"}],"replies":[{"embeddable":true,"href":"http:\/\/www.tarja.fr\/web\/wp-json\/wp\/v2\/comments?post=526"}],"version-history":[{"count":2,"href":"http:\/\/www.tarja.fr\/web\/wp-json\/wp\/v2\/pages\/526\/revisions"}],"predecessor-version":[{"id":582,"href":"http:\/\/www.tarja.fr\/web\/wp-json\/wp\/v2\/pages\/526\/revisions\/582"}],"wp:attachment":[{"href":"http:\/\/www.tarja.fr\/web\/wp-json\/wp\/v2\/media?parent=526"}],"curies":[{"name":"wp","href":"https:\/\/api.w.org\/{rel}","templated":true}]}}